{"id":6,"date":"2013-05-03T17:05:28","date_gmt":"2013-05-03T15:05:28","guid":{"rendered":"http:\/\/web135371.rex25.flatbooster.info\/?page_id=6"},"modified":"2014-05-08T11:23:28","modified_gmt":"2014-05-08T09:23:28","slug":"uber-uns","status":"publish","type":"page","link":"http:\/\/www.volksverein-niederschelden.de\/?page_id=6","title":{"rendered":"\u00dcber uns"},"content":{"rendered":"<p><img loading=\"lazy\" class=\"alignleft  wp-image-52\" style=\"color: #333333; font-style: normal; line-height: 24px;\" src=\"http:\/\/www.volksverein-niederschelden.de\/wp-content\/uploads\/Niederschelden_Alte-Schelder-H\u00fctte_nach1918-1024x715.jpg\" alt=\"\" width=\"327\" height=\"228\" srcset=\"http:\/\/www.volksverein-niederschelden.de\/wp-content\/uploads\/Niederschelden_Alte-Schelder-H\u00fctte_nach1918-1024x715.jpg 1024w, http:\/\/www.volksverein-niederschelden.de\/wp-content\/uploads\/Niederschelden_Alte-Schelder-H\u00fctte_nach1918-300x209.jpg 300w, http:\/\/www.volksverein-niederschelden.de\/wp-content\/uploads\/Niederschelden_Alte-Schelder-H\u00fctte_nach1918-429x300.jpg 429w, http:\/\/www.volksverein-niederschelden.de\/wp-content\/uploads\/Niederschelden_Alte-Schelder-H\u00fctte_nach1918.jpg 1920w\" sizes=\"(max-width: 327px) 100vw, 327px\" \/>Der Volksverein wurde am 16. Mai 1909 als &#8222;Evangelischer Arbeiterverein zu Niederschelden&#8220; gegr\u00fcndet. 1912 wurde er in &#8222;Evangelischer Volksverein Niederschelden&#8220; umbenannt. Im Jahr 1913 wurde das vereinseigene Volkshaus in der Bogenstra\u00dfe in Niederschelden gebaut.<\/p>\n<p>Seit 1972 ist der Volksverein \u00fcberkonfessionell und hat heute rund 220 Mitglieder. Der Mitgliedsbeitrag betr\u00e4gt f\u00fcr erwachsene Einzelpersonen\u00a035 Euro im Jahr, f\u00fcr Kinder und Jugendliche 12 Euro im Jahr. Zweck des gemeinn\u00fctzigen Volksvereins ist die F\u00f6rderung der Volksmusik, des traditionellen Brauchtums, der Heimatpflege, der Heimatkunde und des Laientheaters. Diese Satzungszwecke werden verwirklicht durch die T\u00e4tigkeit des Vereins und seiner selbst\u00e4ndigen Abteilungen.<\/p>\n<p>Wir w\u00fcrden uns freuen, wenn Sie Mitglied im Volksverein Niederschelden w\u00fcrden. Sie unterst\u00fctzen damit die gemeinn\u00fctzige Arbeit des Volksvereins, der Bergknappenkapelle, der Heimatgruppe und der Theatergruppe. Oder buchen Sie doch einfach unser Volkshaus f\u00fcr eine Feier oder Veranstaltung.<\/p>\n","protected":false},"excerpt":{"rendered":"<p>Der Volksverein wurde am 16. Mai 1909 als &#8222;Evangelischer Arbeiterverein zu Niederschelden&#8220; gegr\u00fcndet. 1912 wurde er in &#8222;Evangelischer Volksverein Niederschelden&#8220; umbenannt. Im Jahr 1913 wurde das vereinseigene Volkshaus in der Bogenstra\u00dfe in Niederschelden gebaut. Seit 1972 ist der Volksverein \u00fcberkonfessionell &hellip; <a href=\"http:\/\/www.volksverein-niederschelden.de\/?page_id=6\">Weiterlesen <span class=\"meta-nav\">&rarr;<\/span><\/a><\/p>\n","protected":false},"author":1,"featured_media":0,"parent":0,"menu_order":0,"comment_status":"closed","ping_status":"open","template":"","meta":[],"_links":{"self":[{"href":"http:\/\/www.volksverein-niederschelden.de\/index.php?rest_route=\/wp\/v2\/pages\/6"}],"collection":[{"href":"http:\/\/www.volksverein-niederschelden.de\/index.php?rest_route=\/wp\/v2\/pages"}],"about":[{"href":"http:\/\/www.volksverein-niederschelden.de\/index.php?rest_route=\/wp\/v2\/types\/page"}],"author":[{"embeddable":true,"href":"http:\/\/www.volksverein-niederschelden.de\/index.php?rest_route=\/wp\/v2\/users\/1"}],"replies":[{"embeddable":true,"href":"http:\/\/www.volksverein-niederschelden.de\/index.php?rest_route=%2Fwp%2Fv2%2Fcomments&post=6"}],"version-history":[{"count":8,"href":"http:\/\/www.volksverein-niederschelden.de\/index.php?rest_route=\/wp\/v2\/pages\/6\/revisions"}],"predecessor-version":[{"id":143,"href":"http:\/\/www.volksverein-niederschelden.de\/index.php?rest_route=\/wp\/v2\/pages\/6\/revisions\/143"}],"wp:attachment":[{"href":"http:\/\/www.volksverein-niederschelden.de\/index.php?rest_route=%2Fwp%2Fv2%2Fmedia&parent=6"}],"curies":[{"name":"wp","href":"https:\/\/api.w.org\/{rel}","templated":true}]}}

Über uns

<p><img loading="lazy" class="alignleft  wp-image-52" style="color: #333333; font-style: normal; line-height: 24px;" src="http://www.volksverein-niederschelden.de/wp-content/uploads/Niederschelden_Alte-Schelder-Hütte_nach1918-1024x715.jpg" alt="" width="327" height="228" srcset="http://www.volksverein-niederschelden.de/wp-content/uploads/Niederschelden_Alte-Schelder-Hütte_nach1918-1024x715.jpg 1024w, http://www.volksverein-niederschelden.de/wp-content/uploads/Niederschelden_Alte-Schelder-Hütte_nach1918-300x209.jpg 300w, http://www.volksverein-niederschelden.de/wp-content/uploads/Niederschelden_Alte-Schelder-Hütte_nach1918-429x300.jpg 429w, http://www.volksverein-niederschelden.de/wp-content/uploads/Niederschelden_Alte-Schelder-Hütte_nach1918.jpg 1920w" sizes="(max-width: 327px) 100vw, 327px" />Der Volksverein wurde am 16. Mai 1909 als &#8222;Evangelischer Arbeiterverein zu Niederschelden&#8220; gegründet. 1912 wurde er in &#8222;Evangelischer Volksverein Niederschelden&#8220; umbenannt. Im Jahr 1913 wurde das vereinseigene Volkshaus in der Bogenstraße in Niederschelden gebaut.</p>
<p>Seit 1972 ist der Volksverein überkonfessionell und hat heute rund 220 Mitglieder. Der Mitgliedsbeitrag beträgt für erwachsene Einzelpersonen 35 Euro im Jahr, für Kinder und Jugendliche 12 Euro im Jahr. Zweck des gemeinnützigen Volksvereins ist die Förderung der Volksmusik, des traditionellen Brauchtums, der Heimatpflege, der Heimatkunde und des Laientheaters. Diese Satzungszwecke werden verwirklicht durch die Tätigkeit des Vereins und seiner selbständigen Abteilungen.</p>
<p>Wir würden uns freuen, wenn Sie Mitglied im Volksverein Niederschelden würden. Sie unterstützen damit die gemeinnützige Arbeit des Volksvereins, der Bergknappenkapelle, der Heimatgruppe und der Theatergruppe. Oder buchen Sie doch einfach unser Volkshaus für eine Feier oder Veranstaltung.</p>

<p>Der Volksverein wurde am 16. Mai 1909 als &#8222;Evangelischer Arbeiterverein zu Niederschelden&#8220; gegründet. 1912 wurde er in &#8222;Evangelischer Volksverein Niederschelden&#8220; umbenannt. Im Jahr 1913 wurde das vereinseigene Volkshaus in der Bogenstraße in Niederschelden gebaut. Seit 1972 ist der Volksverein überkonfessionell &hellip; <a href="http://www.volksverein-niederschelden.de/?page_id=6">Weiterlesen <span class="meta-nav">&rarr;</span></a></p>
